{"id":48,"date":"2019-01-30T17:01:16","date_gmt":"2019-01-30T17:01:16","guid":{"rendered":"https:\/\/ietsl.ga\/?page_id=48"},"modified":"2019-02-15T17:55:42","modified_gmt":"2019-02-15T17:55:42","slug":"productos-y-servicios","status":"publish","type":"page","link":"https:\/\/ietsl.com\/?page_id=48","title":{"rendered":"Productos y Servicios"},"content":{"rendered":"\n<p>Qu\u00e9 podemos hacer  para su compa\u00f1\u00eda? Estamos a punto para el presente  y tambi\u00e9n para el futuro <\/p>\n\n\n\n<p><strong>Dotaci\u00f3n<\/strong><strong> <\/strong><strong>de<\/strong><strong> <\/strong><strong>los<\/strong><strong> <\/strong><strong>pue<\/strong><strong>s<\/strong><strong>t<\/strong><strong>os<\/strong><strong> <\/strong><strong>de<\/strong><strong> <\/strong><strong>t<\/strong><strong>r<\/strong><strong>abajo<\/strong><\/p>\n\n\n\n<p>Instalaci\u00f3n y mantenimiento de hardware y software<\/p>\n\n\n\n<p>Dotamos los\npuestos\nde trabajo\ndel\nequipamiento\nTIC\nrequerido para el desarrollo de\nsus funciones,\ninstalando\nlos\nequipos, sistemas\ny\ncomunicaciones\nnecesarias para\nla provisi\u00f3n\ndel servicio. Ponemos a disposici\u00f3n\nde nuestros\nclientes diferentes modalidades o la\ngesti\u00f3n del\nparque:\n<em>on<\/em><em>\n<\/em><em>si<\/em><em>t<\/em><em>e<\/em>,\n<em>carr<\/em><em>y<\/em><em>-i<\/em><em>n<\/em><em> <\/em>o <em>in-plan<\/em><em>t<\/em><em> <\/em>para edificios\ncorporativos, redes\nde oficinas, personal en\nmovilidad y centros de\ntrabajo itinerantes.<\/p>\n\n\n\n<p><strong>In<\/strong><strong>s<\/strong><strong>talaci\u00f3n<\/strong><strong> <\/strong><strong>y<\/strong><strong> <\/strong><strong>man<\/strong><strong>t<\/strong><strong>enimien<\/strong><strong>t<\/strong><strong>o<\/strong><strong> <\/strong><strong>de<\/strong><strong> <\/strong><strong>r<\/strong><strong>edes<\/strong><strong> <\/strong><strong>de<\/strong><strong> <\/strong><strong>v<\/strong><strong>o<\/strong><strong>z<\/strong><strong> <\/strong><strong>y<\/strong><strong> <\/strong><strong>d<\/strong><strong>a<\/strong><strong>t<\/strong><strong>os<\/strong><\/p>\n\n\n\n<p>Segmentos residencial, PYME y grandes\ncorporaciones<\/p>\n\n\n\n<p>Instalamos y mantenemos infraestructuras\nde voz\ny\ndatos, ajust\u00e1ndonos a las necesidades\noperativas\ny\ngeogr\u00e1ficas del\ncliente\npara\ngarantizar y\nmejorar su\nconectividad.<\/p>\n\n\n\n<p><strong>Soft<\/strong><strong>w<\/strong><strong>a<\/strong><strong>r<\/strong><strong>e<\/strong><strong> <\/strong><strong>y<\/strong><strong> <\/strong><strong>soluciones<\/strong><\/p>\n\n\n\n<p>Servicios\nde desarrollo\nde software y creaci\u00f3n\nde soluciones\nadhoc para la\nempresa,\n<em>app<\/em>\u2019s, <em>mobil<\/em><em>..<\/em>.<\/p>\n\n\n\n<p><strong>Ope<\/strong><strong>r<\/strong><strong>ado<\/strong><strong>r<\/strong><strong>es<\/strong><strong> <\/strong><strong>de<\/strong><strong> <\/strong><strong>t<\/strong><strong>ele<\/strong><strong>comunicaciones<\/strong><\/p>\n\n\n\n<p>Gesti\u00f3n\nintegral\nde\nredes e infraestructuras<\/p>\n\n\n\n<p>Trabajamos en el campo de las redes fijas, ya sean urbanas, interurbanas, de enlace o distribuci\u00f3n, tanto en tecnolog\u00eda de cobre, fibra o radio, realizando estudios y planificaci\u00f3n, construyendo redes e instalando y manteniendo los equipos.<\/p>\n\n\n\n<p><strong>Servicios<\/strong><strong> <\/strong><strong>de<\/strong><strong> <\/strong><strong>outsou<\/strong><strong>r<\/strong><strong>cing<\/strong><strong> <\/strong><strong>de<\/strong><strong> <\/strong><strong>man<\/strong><strong>t<\/strong><strong>enimien<\/strong><strong>t<\/strong><strong>o<\/strong><strong> <\/strong><strong>indu<\/strong><strong>s<\/strong><strong>trial<\/strong><\/p>\n\n\n\n<p>Prestamos servicios\nde outsourcing\nde instalaciones y mantenimiento a empresas\nde sectores distintos. Somos proveedores homologados\npara\nempresas\ndedicadas a la\ncomercializaci\u00f3n de sistemas de\nseguridad, acceso CCTV,\ncajeros\/dispensadores desatendidos,\netc.<\/p>\n\n\n\n<p><br><\/p>\n\n\n\n<p><br><\/p>\n","protected":false},"excerpt":{"rendered":"<p>Qu\u00e9 podemos hacer para su compa\u00f1\u00eda? Estamos a punto para el presente y tambi\u00e9n para el futuro Dotaci\u00f3n ...<\/p>","protected":false},"author":2,"featured_media":0,"parent":0,"menu_order":0,"comment_status":"closed","ping_status":"closed","template":"","meta":{"footnotes":""},"class_list":["post-48","page","type-page","status-publish","hentry"],"jetpack_sharing_enabled":true,"_links":{"self":[{"href":"https:\/\/ietsl.com\/index.php?rest_route=\/wp\/v2\/pages\/48","targetHints":{"allow":["GET"]}}],"collection":[{"href":"https:\/\/ietsl.com\/index.php?rest_route=\/wp\/v2\/pages"}],"about":[{"href":"https:\/\/ietsl.com\/index.php?rest_route=\/wp\/v2\/types\/page"}],"author":[{"embeddable":true,"href":"https:\/\/ietsl.com\/index.php?rest_route=\/wp\/v2\/users\/2"}],"replies":[{"embeddable":true,"href":"https:\/\/ietsl.com\/index.php?rest_route=%2Fwp%2Fv2%2Fcomments&post=48"}],"version-history":[{"count":2,"href":"https:\/\/ietsl.com\/index.php?rest_route=\/wp\/v2\/pages\/48\/revisions"}],"predecessor-version":[{"id":236,"href":"https:\/\/ietsl.com\/index.php?rest_route=\/wp\/v2\/pages\/48\/revisions\/236"}],"wp:attachment":[{"href":"https:\/\/ietsl.com\/index.php?rest_route=%2Fwp%2Fv2%2Fmedia&parent=48"}],"curies":[{"name":"wp","href":"https:\/\/api.w.org\/{rel}","templated":true}]}}