{"id":317,"date":"2019-12-18T10:03:10","date_gmt":"2019-12-18T10:03:10","guid":{"rendered":"https:\/\/ietsl.com\/?page_id=317"},"modified":"2021-06-13T10:10:22","modified_gmt":"2021-06-13T10:10:22","slug":"division-energetica","status":"publish","type":"page","link":"https:\/\/ietsl.com\/?page_id=317","title":{"rendered":"Divisi\u00f3n Energ\u00e9tica"},"content":{"rendered":"Hacemos que lo importante funcione\n\n<!-- \/wp:post-content --><!-- wp:paragraph -->\n\nLa energ\u00eda es un elemento fundamental. Por ello, nos dedicamos a mejorar la vida de las personas y el medio ambiente con tecnolog\u00edas que gestionan la energ\u00eda, que son m\u00e1s eficientes y seguras. Estamos aqu\u00ed para asegurarnos que funciona\n\n<!-- \/wp:paragraph --><!--EndFragment-->\n\n<!-- wp:button -->\n<div class=\"wp-block-button\"><a class=\"wp-block-button__link\" href=\"http:\/\/iet.energy\" target=\"_blank\" rel=\"noopener noreferrer\"> TE EXPLICAMOS COMO<\/a><\/div>\n<!-- \/wp:button -->","protected":false},"excerpt":{"rendered":"<p>Hacemos que lo importante funcione La energ\u00eda es un elemento fundamental. Por ello, nos dedicamos a mejorar la ...<\/p>","protected":false},"author":1,"featured_media":0,"parent":0,"menu_order":0,"comment_status":"closed","ping_status":"closed","template":"","meta":{"footnotes":""},"class_list":["post-317","page","type-page","status-publish","hentry"],"jetpack_sharing_enabled":true,"_links":{"self":[{"href":"https:\/\/ietsl.com\/index.php?rest_route=\/wp\/v2\/pages\/317","targetHints":{"allow":["GET"]}}],"collection":[{"href":"https:\/\/ietsl.com\/index.php?rest_route=\/wp\/v2\/pages"}],"about":[{"href":"https:\/\/ietsl.com\/index.php?rest_route=\/wp\/v2\/types\/page"}],"author":[{"embeddable":true,"href":"https:\/\/ietsl.com\/index.php?rest_route=\/wp\/v2\/users\/1"}],"replies":[{"embeddable":true,"href":"https:\/\/ietsl.com\/index.php?rest_route=%2Fwp%2Fv2%2Fcomments&post=317"}],"version-history":[{"count":8,"href":"https:\/\/ietsl.com\/index.php?rest_route=\/wp\/v2\/pages\/317\/revisions"}],"predecessor-version":[{"id":372,"href":"https:\/\/ietsl.com\/index.php?rest_route=\/wp\/v2\/pages\/317\/revisions\/372"}],"wp:attachment":[{"href":"https:\/\/ietsl.com\/index.php?rest_route=%2Fwp%2Fv2%2Fmedia&parent=317"}],"curies":[{"name":"wp","href":"https:\/\/api.w.org\/{rel}","templated":true}]}}